{"id":118,"date":"2024-11-22T21:21:35","date_gmt":"2024-11-22T20:21:35","guid":{"rendered":"https:\/\/pepinieredugarbet.com\/?page_id=118"},"modified":"2024-11-22T23:09:00","modified_gmt":"2024-11-22T22:09:00","slug":"pommier-reine-des-reinettes","status":"publish","type":"page","link":"https:\/\/pepinieredugarbet.com\/index.php\/les-plants-arbres-fruitiers-pommiers-de-la-peiniere-du-garbet-en-ariege\/pommier-reine-des-reinettes\/","title":{"rendered":"Pommier Reine des reinettes"},"content":{"rendered":"<div id=\"pl-118\"  class=\"panel-layout\" ><div id=\"pg-118-0\"  class=\"panel-grid panel-no-style\" ><div id=\"pgc-118-0-0\"  class=\"panel-grid-cell\" ><div id=\"panel-118-0-0-0\" class=\"so-panel widget widget_sow-editor panel-first-child panel-last-child\" data-index=\"0\" ><div\n\t\t\t\n\t\t\tclass=\"so-widget-sow-editor so-widget-sow-editor-base\"\n\t\t\t\n\t\t>\n<div class=\"siteorigin-widget-tinymce textwidget\">\n\t<p><span style=\"font-size: 14pt;\">Une vari\u00e9t\u00e9 ancienne tr\u00e8s productive. C'est un arbre rustique et vigoureux adapt\u00e9 aux climats froids et \u00e0 l'altitude.<\/span><br \/>\n<span style=\"font-size: 14pt;\">Arrive \u00e0 maturit\u00e9 d'octobre \u00e0 mars, la qualit\u00e9 gustative est excellente, sa chair est fine, blanc jaun\u00e2tre, assez ferme, juteuse, sucr\u00e9e et parfum\u00e9e.<\/span><br \/>\n<span style=\"font-size: 14pt;\">C'est une bonne pollinisatrice qui r\u00e9ussi tr\u00e8s bien en montagne.<\/span><\/p>\n<\/div>\n<\/div><\/div><\/div><div id=\"pgc-118-0-1\"  class=\"panel-grid-cell\" ><div id=\"panel-118-0-1-0\" class=\"widget_text so-panel widget widget_custom_html panel-first-child panel-last-child\" data-index=\"1\" ><div class=\"textwidget custom-html-widget\"><a target=\"_blank\" title=\"Varmin, CC BY-SA 3.0 &lt;https:\/\/creativecommons.org\/licenses\/by-sa\/3.0&gt;, via Wikimedia Commons\" href=\"https:\/\/commons.wikimedia.org\/wiki\/File:Reine_des_reinettes_-_OPL_Peillac.jpg\"><img decoding=\"async\" width=\"1024\" alt=\"Reine des reinettes - OPL Peillac\" src=\"https:\/\/upload.wikimedia.org\/wikipedia\/commons\/thumb\/5\/5d\/Reine_des_reinettes_-_OPL_Peillac.jpg\/1024px-Reine_des_reinettes_-_OPL_Peillac.jpg?20171007214724\"><\/a><\/div><\/div><\/div><\/div><div id=\"pg-118-1\"  class=\"panel-grid panel-has-style\" ><div class=\"panel-row-style panel-row-style-for-118-1\" ><div id=\"pgc-118-1-0\"  class=\"panel-grid-cell\" ><div id=\"panel-118-1-0-0\" class=\"so-panel widget widget_sow-editor panel-first-child panel-last-child\" data-index=\"2\" ><div\n\t\t\t\n\t\t\tclass=\"so-widget-sow-editor so-widget-sow-editor-base\"\n\t\t\t\n\t\t>\n<div class=\"siteorigin-widget-tinymce textwidget\">\n\t<ul>\n<li><span style=\"font-size: 14pt;\"><b>P\u00e9riode Plantation<\/b> : D\u00e9but octobre \u00e0 avril<br \/>\n<\/span><\/li>\n<li><span style=\"font-size: 14pt;\"><b>P\u00e9riode Floraison<\/b> : Mars avril<br \/>\n<\/span><\/li>\n<li><span style=\"font-size: 14pt;\"><strong>R\u00e9colte<\/strong> : Septembre<\/span><\/li>\n<li><span style=\"font-size: 14pt;\"><strong>Port<\/strong> : \u00c9rig\u00e9<br \/>\n<\/span><\/li>\n<\/ul>\n<\/div>\n<\/div><\/div><\/div><div id=\"pgc-118-1-1\"  class=\"panel-grid-cell\" ><div id=\"panel-118-1-1-0\" class=\"so-panel widget widget_sow-editor panel-first-child panel-last-child\" data-index=\"3\" ><div\n\t\t\t\n\t\t\tclass=\"so-widget-sow-editor so-widget-sow-editor-base\"\n\t\t\t\n\t\t>\n<div class=\"siteorigin-widget-tinymce textwidget\">\n\t<ul>\n<li><span style=\"font-size: 14pt;\"><strong>Hauteur<\/strong> : 3 m \u00e0 taille adulte<br \/>\n<\/span><\/li>\n<li><span style=\"font-size: 14pt;\"><strong>Type de sol<\/strong> : Tous<br \/>\n<\/span><\/li>\n<li><span style=\"font-size: 14pt;\"><strong>Environnement<\/strong> : Ensoleill\u00e9<\/span><\/li>\n<li><strong><span style=\"font-size: 14pt;\">Bonne r\u00e9sistance aux maladies<\/span><\/strong><\/li>\n<\/ul>\n<\/div>\n<\/div><\/div><\/div><\/div><\/div><div id=\"pg-118-2\"  class=\"panel-grid panel-no-style\" ><div id=\"pgc-118-2-0\"  class=\"panel-grid-cell\" ><div id=\"panel-118-2-0-0\" class=\"so-panel widget widget_sow-button panel-first-child panel-last-child\" data-index=\"4\" ><div\n\t\t\t\n\t\t\tclass=\"so-widget-sow-button so-widget-sow-button-flat-0dd4bd65cb50-118\"\n\t\t\t\n\t\t><div class=\"ow-button-base ow-button-align-center\"\n>\n\t\t\t<a\n\t\t\t\t\thref=\"http:\/\/pepinieredugarbet.com\/wp-content\/uploads\/2024\/11\/Pommier-reine-des-reinettes.pdf\"\n\t\t\t\t\tclass=\"sowb-button ow-icon-placement-left\" target=\"_blank\" rel=\"noopener noreferrer\" \t>\n\t\t<span>\n\t\t\t\n\t\t\tTELECHARGER LA FICHE\t\t<\/span>\n\t\t\t<\/a>\n\t<\/div>\n<\/div><\/div><\/div><\/div><\/div>","protected":false},"excerpt":{"rendered":"<p>Une vari\u00e9t\u00e9 ancienne tr\u00e8s productive. C&#8217;est un arbre rustique et vigoureux adapt\u00e9 aux climats froids et \u00e0 l&#8217;altitude. Arrive \u00e0 maturit\u00e9 d&#8217;octobre \u00e0 mars, la qualit\u00e9 gustative est excellente, sa chair est fine, blanc jaun\u00e2tre, assez ferme, juteuse, sucr\u00e9e et parfum\u00e9e. C&#8217;est une bonne pollinisatrice qui r\u00e9ussi tr\u00e8s bien en montagne. P\u00e9riode Plantation : D\u00e9butContinue reading &rarr;<\/p>\n","protected":false},"author":1,"featured_media":0,"parent":24,"menu_order":0,"comment_status":"closed","ping_status":"closed","template":"","meta":{"footnotes":""},"class_list":["post-118","page","type-page","status-publish","hentry","no-thumb"],"yoast_head":"<!-- This site is optimized with the Yoast SEO plugin v26.5 - https:\/\/yoast.com\/wordpress\/plugins\/seo\/ -->\n<title>Pommier Reine des reinettes - La p\u00e9pini\u00e8re du Garbet<\/title>\n<meta name=\"description\" content=\"D\u00e9couvrez les qualit\u00e9s et les caract\u00e9ristiques du pommier Delbard Estivale, propos\u00e9 en plants par la p\u00e9pini\u00e8re du Garbet en Ari\u00e8ge\" \/>\n<meta name=\"robots\" content=\"index, follow, max-snippet:-1, max-image-preview:large, max-video-preview:-1\" \/>\n<link rel=\"canonical\" href=\"https:\/\/pepinieredugarbet.com\/index.php\/les-plants-arbres-fruitiers-pommiers-de-la-peiniere-du-garbet-en-ariege\/pommier-reine-des-reinettes\/\" \/>\n<meta property=\"og:locale\" content=\"en_US\" \/>\n<meta property=\"og:type\" content=\"article\" \/>\n<meta property=\"og:title\" content=\"Pommier Reine des reinettes - La p\u00e9pini\u00e8re du Garbet\" \/>\n<meta property=\"og:description\" content=\"D\u00e9couvrez les qualit\u00e9s et les caract\u00e9ristiques du pommier Delbard Estivale, propos\u00e9 en plants par la p\u00e9pini\u00e8re du Garbet en Ari\u00e8ge\" \/>\n<meta property=\"og:url\" content=\"https:\/\/pepinieredugarbet.com\/index.php\/les-plants-arbres-fruitiers-pommiers-de-la-peiniere-du-garbet-en-ariege\/pommier-reine-des-reinettes\/\" \/>\n<meta property=\"og:site_name\" content=\"La p\u00e9pini\u00e8re du Garbet\" \/>\n<meta property=\"article:modified_time\" content=\"2024-11-22T22:09:00+00:00\" \/>\n<meta name=\"twitter:card\" content=\"summary_large_image\" \/>\n<meta name=\"twitter:label1\" content=\"Est. reading time\" \/>\n\t<meta name=\"twitter:data1\" content=\"1 minute\" \/>\n<script type=\"application\/ld+json\" class=\"yoast-schema-graph\">{\"@context\":\"https:\/\/schema.org\",\"@graph\":[{\"@type\":\"WebPage\",\"@id\":\"https:\/\/pepinieredugarbet.com\/index.php\/les-plants-arbres-fruitiers-pommiers-de-la-peiniere-du-garbet-en-ariege\/pommier-reine-des-reinettes\/\",\"url\":\"https:\/\/pepinieredugarbet.com\/index.php\/les-plants-arbres-fruitiers-pommiers-de-la-peiniere-du-garbet-en-ariege\/pommier-reine-des-reinettes\/\",\"name\":\"Pommier Reine des reinettes - La p\u00e9pini\u00e8re du Garbet\",\"isPartOf\":{\"@id\":\"https:\/\/pepinieredugarbet.com\/#website\"},\"datePublished\":\"2024-11-22T20:21:35+00:00\",\"dateModified\":\"2024-11-22T22:09:00+00:00\",\"description\":\"D\u00e9couvrez les qualit\u00e9s et les caract\u00e9ristiques du pommier Delbard Estivale, propos\u00e9 en plants par la p\u00e9pini\u00e8re du Garbet en Ari\u00e8ge\",\"breadcrumb\":{\"@id\":\"https:\/\/pepinieredugarbet.com\/index.php\/les-plants-arbres-fruitiers-pommiers-de-la-peiniere-du-garbet-en-ariege\/pommier-reine-des-reinettes\/#breadcrumb\"},\"inLanguage\":\"en-US\",\"potentialAction\":[{\"@type\":\"ReadAction\",\"target\":[\"https:\/\/pepinieredugarbet.com\/index.php\/les-plants-arbres-fruitiers-pommiers-de-la-peiniere-du-garbet-en-ariege\/pommier-reine-des-reinettes\/\"]}]},{\"@type\":\"BreadcrumbList\",\"@id\":\"https:\/\/pepinieredugarbet.com\/index.php\/les-plants-arbres-fruitiers-pommiers-de-la-peiniere-du-garbet-en-ariege\/pommier-reine-des-reinettes\/#breadcrumb\",\"itemListElement\":[{\"@type\":\"ListItem\",\"position\":1,\"name\":\"Accueil\",\"item\":\"https:\/\/pepinieredugarbet.com\/\"},{\"@type\":\"ListItem\",\"position\":2,\"name\":\"Nos plants d&rsquo;arbres fruitiers\",\"item\":\"https:\/\/pepinieredugarbet.com\/index.php\/les-plants-arbres-fruitiers-pommiers-de-la-peiniere-du-garbet-en-ariege\/\"},{\"@type\":\"ListItem\",\"position\":3,\"name\":\"Pommier Reine des reinettes\"}]},{\"@type\":\"WebSite\",\"@id\":\"https:\/\/pepinieredugarbet.com\/#website\",\"url\":\"https:\/\/pepinieredugarbet.com\/\",\"name\":\"La p\u00e9pini\u00e8re du Garbet\",\"description\":\"Production de plants d&#039;arbres fruitiers en Ari\u00e8ge\",\"publisher\":{\"@id\":\"https:\/\/pepinieredugarbet.com\/#organization\"},\"potentialAction\":[{\"@type\":\"SearchAction\",\"target\":{\"@type\":\"EntryPoint\",\"urlTemplate\":\"https:\/\/pepinieredugarbet.com\/?s={search_term_string}\"},\"query-input\":{\"@type\":\"PropertyValueSpecification\",\"valueRequired\":true,\"valueName\":\"search_term_string\"}}],\"inLanguage\":\"en-US\"},{\"@type\":\"Organization\",\"@id\":\"https:\/\/pepinieredugarbet.com\/#organization\",\"name\":\"La p\u00e9pini\u00e8re du Garbet\",\"url\":\"https:\/\/pepinieredugarbet.com\/\",\"logo\":{\"@type\":\"ImageObject\",\"inLanguage\":\"en-US\",\"@id\":\"https:\/\/pepinieredugarbet.com\/#\/schema\/logo\/image\/\",\"url\":\"https:\/\/pepinieredugarbet.com\/wp-content\/uploads\/2024\/11\/logo-pepiniere-du-garbet.jpg\",\"contentUrl\":\"https:\/\/pepinieredugarbet.com\/wp-content\/uploads\/2024\/11\/logo-pepiniere-du-garbet.jpg\",\"width\":313,\"height\":170,\"caption\":\"La p\u00e9pini\u00e8re du Garbet\"},\"image\":{\"@id\":\"https:\/\/pepinieredugarbet.com\/#\/schema\/logo\/image\/\"}}]}<\/script>\n<!-- \/ Yoast SEO plugin. -->","yoast_head_json":{"title":"Pommier Reine des reinettes - La p\u00e9pini\u00e8re du Garbet","description":"D\u00e9couvrez les qualit\u00e9s et les caract\u00e9ristiques du pommier Delbard Estivale, propos\u00e9 en plants par la p\u00e9pini\u00e8re du Garbet en Ari\u00e8ge","robots":{"index":"index","follow":"follow","max-snippet":"max-snippet:-1","max-image-preview":"max-image-preview:large","max-video-preview":"max-video-preview:-1"},"canonical":"https:\/\/pepinieredugarbet.com\/index.php\/les-plants-arbres-fruitiers-pommiers-de-la-peiniere-du-garbet-en-ariege\/pommier-reine-des-reinettes\/","og_locale":"en_US","og_type":"article","og_title":"Pommier Reine des reinettes - La p\u00e9pini\u00e8re du Garbet","og_description":"D\u00e9couvrez les qualit\u00e9s et les caract\u00e9ristiques du pommier Delbard Estivale, propos\u00e9 en plants par la p\u00e9pini\u00e8re du Garbet en Ari\u00e8ge","og_url":"https:\/\/pepinieredugarbet.com\/index.php\/les-plants-arbres-fruitiers-pommiers-de-la-peiniere-du-garbet-en-ariege\/pommier-reine-des-reinettes\/","og_site_name":"La p\u00e9pini\u00e8re du Garbet","article_modified_time":"2024-11-22T22:09:00+00:00","twitter_card":"summary_large_image","twitter_misc":{"Est. reading time":"1 minute"},"schema":{"@context":"https:\/\/schema.org","@graph":[{"@type":"WebPage","@id":"https:\/\/pepinieredugarbet.com\/index.php\/les-plants-arbres-fruitiers-pommiers-de-la-peiniere-du-garbet-en-ariege\/pommier-reine-des-reinettes\/","url":"https:\/\/pepinieredugarbet.com\/index.php\/les-plants-arbres-fruitiers-pommiers-de-la-peiniere-du-garbet-en-ariege\/pommier-reine-des-reinettes\/","name":"Pommier Reine des reinettes - La p\u00e9pini\u00e8re du Garbet","isPartOf":{"@id":"https:\/\/pepinieredugarbet.com\/#website"},"datePublished":"2024-11-22T20:21:35+00:00","dateModified":"2024-11-22T22:09:00+00:00","description":"D\u00e9couvrez les qualit\u00e9s et les caract\u00e9ristiques du pommier Delbard Estivale, propos\u00e9 en plants par la p\u00e9pini\u00e8re du Garbet en Ari\u00e8ge","breadcrumb":{"@id":"https:\/\/pepinieredugarbet.com\/index.php\/les-plants-arbres-fruitiers-pommiers-de-la-peiniere-du-garbet-en-ariege\/pommier-reine-des-reinettes\/#breadcrumb"},"inLanguage":"en-US","potentialAction":[{"@type":"ReadAction","target":["https:\/\/pepinieredugarbet.com\/index.php\/les-plants-arbres-fruitiers-pommiers-de-la-peiniere-du-garbet-en-ariege\/pommier-reine-des-reinettes\/"]}]},{"@type":"BreadcrumbList","@id":"https:\/\/pepinieredugarbet.com\/index.php\/les-plants-arbres-fruitiers-pommiers-de-la-peiniere-du-garbet-en-ariege\/pommier-reine-des-reinettes\/#breadcrumb","itemListElement":[{"@type":"ListItem","position":1,"name":"Accueil","item":"https:\/\/pepinieredugarbet.com\/"},{"@type":"ListItem","position":2,"name":"Nos plants d&rsquo;arbres fruitiers","item":"https:\/\/pepinieredugarbet.com\/index.php\/les-plants-arbres-fruitiers-pommiers-de-la-peiniere-du-garbet-en-ariege\/"},{"@type":"ListItem","position":3,"name":"Pommier Reine des reinettes"}]},{"@type":"WebSite","@id":"https:\/\/pepinieredugarbet.com\/#website","url":"https:\/\/pepinieredugarbet.com\/","name":"La p\u00e9pini\u00e8re du Garbet","description":"Production de plants d&#039;arbres fruitiers en Ari\u00e8ge","publisher":{"@id":"https:\/\/pepinieredugarbet.com\/#organization"},"potentialAction":[{"@type":"SearchAction","target":{"@type":"EntryPoint","urlTemplate":"https:\/\/pepinieredugarbet.com\/?s={search_term_string}"},"query-input":{"@type":"PropertyValueSpecification","valueRequired":true,"valueName":"search_term_string"}}],"inLanguage":"en-US"},{"@type":"Organization","@id":"https:\/\/pepinieredugarbet.com\/#organization","name":"La p\u00e9pini\u00e8re du Garbet","url":"https:\/\/pepinieredugarbet.com\/","logo":{"@type":"ImageObject","inLanguage":"en-US","@id":"https:\/\/pepinieredugarbet.com\/#\/schema\/logo\/image\/","url":"https:\/\/pepinieredugarbet.com\/wp-content\/uploads\/2024\/11\/logo-pepiniere-du-garbet.jpg","contentUrl":"https:\/\/pepinieredugarbet.com\/wp-content\/uploads\/2024\/11\/logo-pepiniere-du-garbet.jpg","width":313,"height":170,"caption":"La p\u00e9pini\u00e8re du Garbet"},"image":{"@id":"https:\/\/pepinieredugarbet.com\/#\/schema\/logo\/image\/"}}]}},"_links":{"self":[{"href":"https:\/\/pepinieredugarbet.com\/index.php\/wp-json\/wp\/v2\/pages\/118","targetHints":{"allow":["GET"]}}],"collection":[{"href":"https:\/\/pepinieredugarbet.com\/index.php\/wp-json\/wp\/v2\/pages"}],"about":[{"href":"https:\/\/pepinieredugarbet.com\/index.php\/wp-json\/wp\/v2\/types\/page"}],"author":[{"embeddable":true,"href":"https:\/\/pepinieredugarbet.com\/index.php\/wp-json\/wp\/v2\/users\/1"}],"replies":[{"embeddable":true,"href":"https:\/\/pepinieredugarbet.com\/index.php\/wp-json\/wp\/v2\/comments?post=118"}],"version-history":[{"count":4,"href":"https:\/\/pepinieredugarbet.com\/index.php\/wp-json\/wp\/v2\/pages\/118\/revisions"}],"predecessor-version":[{"id":124,"href":"https:\/\/pepinieredugarbet.com\/index.php\/wp-json\/wp\/v2\/pages\/118\/revisions\/124"}],"up":[{"embeddable":true,"href":"https:\/\/pepinieredugarbet.com\/index.php\/wp-json\/wp\/v2\/pages\/24"}],"wp:attachment":[{"href":"https:\/\/pepinieredugarbet.com\/index.php\/wp-json\/wp\/v2\/media?parent=118"}],"curies":[{"name":"wp","href":"https:\/\/api.w.org\/{rel}","templated":true}]}}